ulate the highest common divisor of p and j.
10
Let j(h) = 146*h - 114. Let r be j(4). What is the greatest common divisor of r and 658?
94
Let m(n) = 63*n**2 - n - 7. Let t be m(2). Let v = 106 - 72. Let p = v + -7. What is the greatest common divisor of t and p?
27
Suppose -2*c + 417 - 161 = 0. Suppose 143*j - 151*j = -c. Calculate the highest common divisor of j and 20.
4
Suppose 3*j - 837 = -5*x, -2*x = 4*j + j - 350. Let f = x - 90. Suppose f = -3*z + 6*z. What is the highest common divisor of 5 and z?
5
Let b(r) be the second derivative of 4*r**3/3 + 29*r**2/2 + 3*r. Let l be b(-10). Let v = 15 - l. Calculate the greatest common factor of v and 44.
22
Let j(c) = -2*c**3 - 2*c**2 - 2*c + 1. Let b be j(-2). Suppose -515*a + 12085 + 13603 = 936*a + 525*a. Calculate the greatest common factor of a and b.
13
Let h(v) = -55*v - 3948. Let n be h(-72). Let g = -25 + 37. What is the greatest common factor of g and n?
12
Let g(t) = 52*t. Let b be g(4). Let x = 1050 - 1037. Calculate the highest common factor of b and x.
13
Let x = 5094 - 5044. Calculate the highest common factor of x and 5325.
25
Let n(x) = 913*x**2 + 667*x - 1338. Let d be n(2). What is the greatest common divisor of d and 40?
8
Let p be (48/(-44) - -1)*-583*(-1)/(-1). What is the greatest common factor of 3392 and p?
53
Let p(d) = -d + 2. Let t be p(0). Let s = -10577 + 10581. Let o be t + (299 - 16/s). What is the greatest common factor of o and 33?
33
Let o be 247 + 9/(63/56). Let j = -245 + o. Suppose 2*t = 4*t - 20. Calculate the greatest common divisor of t and j.
10
Let i be 388*1 - (-68)/(0 - 34). What is the highest common divisor of 5211 and i?
193
Let z(t) = 4*t**2 - 22*t - 178. Let d be z(-6). Calculate the greatest common factor of d and 770.
14
Let x(g) = 2*g**2 - 3. Let l be x(2). Suppose l*j + 54 = -j. Let t(s) = -s**3 - 8*s**2 + 8*s. Let p be t(j). Calculate the highest common divisor of p and 36.
9
Suppose 7*l + 3*l = 2030. Let u = l + 343. Calculate the greatest common divisor of 39 and u.
39
Let p(z) = 4*z**2 - 30*z - 58. Let l be p(11). Calculate the greatest common factor of l and 744.
24
Suppose -2*c = 2, 2*l - 4644 = 4*c + 6310. What is the highest common divisor of l and 90?
15
Let n be 4/54 + 857068/999. What is the highest common divisor of 66 and n?
66
Let r = 40 - 22. Suppose -r*s + 52 = -16*s. Calculate the highest common factor of s and 702.
26
Suppose 28*s - 82 = 114. Suppose 9*j = s*j + 126. What is the highest common factor of 693 and j?
63
Let j(r) = 4*r - 5. Let f be j(4). Let d(c) = 2*c**3 - 88*c**2 + c + 55. Let o be d(44). What is the greatest common factor of o and f?
11
Suppose -10973*t + 792 = -10937*t. Let q(w) = 14*w**3 - 2*w**2 - 2*w - 2. Let i be q(3). Calculate the greatest common divisor of i and t.
22
Suppose 3*v - 6*v = -210. Let c be 114 + -1*8/2. Suppose 24*g + c = 35*g. What is the highest common divisor of v and g?
10
Let n be ((-3)/(-2))/(2 - (-6)/(-4)). Let k be 38 - (n + (3 - 8)). Let t be ((-126)/49)/((-3)/70). Calculate the highest common factor of k and t.
20
Let t be (73 - -1)*(-12 + 17)*6/4. Calculate the highest common divisor of 105 and t.
15
Suppose -20 = -3*t - 2*l, 0*t - 22 = -4*t - 5*l. Let u(k) = -k**3 + 3*k**2 + 2*k + 216. Let o be u(0). Calculate the highest common factor of t and o.
8
Let v = -93 + 150. Suppose 721 + 1 = 19*a. Let p be a*(-7 + 105/14). What is the greatest common factor of v and p?
19
Let o(c) = c**2 + 9*c + 17. Let q be o(-7). Suppose 2*r + q*l = 2*l + 365, 3*r - 530 = -5*l. Let b = 186 - 112. What is the highest common divisor of r and b?
37
Let y be ((-26 + 24)*(6 - -1))/(18/(-621)). Calculate the greatest common divisor of y and 7.
7
Let m be (110/4)/11 + 9/6. Let z(x) = -20*x + 88. Let j be z(m). What is the greatest common divisor of j and 256?
8
Suppose -106 = 41*m - 598. Suppose -3*c + 3*s - 28 = -2*c, 3*c - s = -68. Let i = -4 - c. What is the highest common factor of m and i?
6
Let b = 48 + -34. Suppose -10*k - 25 = -95. Suppose k*o - 1007 + 321 = 0. Calculate the highest common factor of o and b.
14
Let g(v) = 10*v - 218. Let j be g(23). Let y = -153 + 49. Let u = y - -152. What is the highest common divisor of j and u?
12
Let w be 12400/160 + (-1)/(-2). Calculate the greatest common divisor of 8151 and w.
39
Suppose -i + 353 = -4*h, 0 = -2*h - 31 + 45. Calculate the highest common divisor of i and 3683.
127
Let l(o) = -5*o + 2. Let c be l(1). Let d be -4*c/36*231. What is the greatest common divisor of d and 7?
7
Let m = 2235 - 2224. Calculate the highest common divisor of 4411 and m.
11
Let n(x) = 2*x**2 + 2*x + 5. Let c be n(-5). Suppose -3*g + 74 = 2*q, -2383*q + 3*g - 184 = -2387*q. Calculate the greatest common factor of q and c.
5
Let q be ((-10)/(-4))/(165/132). Suppose q*a - 46*a = -396. Calculate the greatest common divisor of a and 351.
9
Let z = 86 - -102. Calculate the greatest common divisor of z and 16.
4
Let n be 111 + -5 - 18/3. Let a = n + -85. Calculate the greatest common divisor of a and 75.
15
Let l = -991 - -1090. Let u = -78 + 177. Calculate the highest common factor of l and u.
99
Let f(x) = -59*x**3 + 3*x**2 + 23*x + 26. Let h be f(-2). What is the highest common factor of 32 and h?
16
Let q(d) be the first derivative of d**4/4 - 23*d**3/3 + 9*d**2 - 11*d + 132. Let i be q(23). Calculate the greatest common divisor of 52 and i.
13
Suppose 10*c = 12*c - 12. Let u be ((-8)/c)/((-28)/12 + 3). Let r be u/3*(-9)/6. Calculate the highest common divisor of 2 and r.
1
Let w(l) be the first derivative of -2*l**2 - 61*l - 13. Let a be w(-19). What is the highest common divisor of a and 30?
15
Let u(y) = y**3 + 29*y**2 - 63*y - 18. Let k be u(-26). What is the highest common divisor of k and 1596?
228
Let z(j) = 2*j**3 - 3*j**2 + 10*j - 18. Let p be z(5). Suppose p = -9*m + 1071. Let l = m + 2. Calculate the highest common factor of 14 and l.
14
Let v be 60/24*(-6)/(-5). Suppose -26*i + 8*i = 648. Let h be (-3804)/i + (-2)/v. Calculate the highest common factor of 70 and h.
35
Let v(a) = -3*a**3 + 94*a**2 + 62*a - 354. Let n be v(31). Calculate the highest common divisor of 1124 and n.
281
Suppose -539 = 5*r - 1899. Suppose -4*v - 4*t = -144, -204*v + 30 = -203*v - 2*t. What is the greatest common divisor of v and r?
34
Let m(i) = i**3 + 9*i**2 - 31*i - 51. Let s be m(-11). Calculate the highest common factor of 1968 and s.
48
Let p(k) = 5*k**2 - 4*k + 9. Suppose -9*r + 4*r - 5*z = -35, 0 = r + 3*z - 17. Let u be p(r). Calculate the greatest common divisor of 987 and u.
21
Let y be 123 + 4500 + 1 + 0. Calculate the highest common factor of y and 51.
17
Let p(n) = 13*n - 62. Let b be p(5). Let j(m) = 4*m**2 + m - 9. Let r be j(b). What is the greatest common factor of r and 300?
30
Suppose 8*f - 372 = -300. Let j be f/((-360)/(-4)) + (-1258)/(-20). What is the greatest common divisor of j and 45?
9
Suppose 17*f - 14*f - 15 = 0. Suppose 0 = f*y + 4*l + 30, 5*y - 5*l + 45 = 3*y. Let p be y/(1*(-2)/(0 - -8)). Calculate the greatest common divisor of 16 and p.
8
Suppose 2*i = 2*w - i + 85, -217 = 5*w - 3*i. Let z be (-16)/(-10) + (w/(-10) - 4). Suppose 8 = z*k - 2. Calculate the greatest common divisor of 20 and k.
5
Let m be -232*(-7)/112*2. What is the greatest common factor of m and 1?
1
Let l(k) = 3*k**2 - 4*k + 12. Let i be l(-9). Suppose 61 = y - i. Suppose -8*g + y = 8*g. Calculate the greatest common factor of 77 and g.
11
Let f be 9/45 + 839/5. Suppose -47 = -4*w + 3*o + 55, -w = 5*o - 14. Calculate the greatest common factor of f and w.
24
Let k = -24 - -224. Suppose -k = -4*r + 88*h - 90*h, -5*h - 150 = -3*r. What is the highest common factor of 10 and r?
10
Suppose 1036 = 4*l + 3*l. Suppose -3*q + l = -5*n, 0 = 3*q + 5*n - 46 - 82. Calculate the greatest common divisor of q and 230.
46
Let x = -94 - -144. Suppose 67*w - 14578 = 2172. What is the highest common divisor of x and w?
50
Suppose -3*g - q + 669 = 0, -3*q + 151 = g - 64. Suppose 0 = 6*l - 14*l + g. Calculate the greatest common divisor of 21 and l.
7
Let z = -39 - -89. Let q = -7789 - -7809. What is the highest common factor of z and q?
10
Suppose 3*x - 2*q - 2909 = 0, 4*x - 9*x + 4853 = -q. Suppose x*w + 220 = 973*w. What is the highest common divisor of 20 and w?
10
Suppose -775 = -2*h - 3*v, 